r of 132 and 145572?
12
Calculate the highest common factor of 46134 and 1782.
198
What is the highest common divisor of 3 and 10614?
3
Calculate the highest common factor of 18850502 and 22.
22
Calculate the highest common factor of 2159091 and 678.
339
What is the highest common factor of 16 and 16832?
16
Calculate the greatest common divisor of 2 and 1271134.
2
Calculate the highest common factor of 1564 and 2074.
34
What is the greatest common divisor of 233592 and 24?
24
Calculate the highest common factor of 12741 and 3151.
137
Calculate the greatest common divisor of 24630 and 45.
15
Calculate the highest common factor of 176 and 108592.
176
What is the greatest common factor of 53295 and 57494?
323
Calculate the highest common factor of 102748 and 68.
68
What is the greatest common divisor of 1940 and 2636?
4
Calculate the highest common factor of 12815 and 404255.
1165
Calculate the greatest common divisor of 82606 and 5614.
802
What is the greatest common divisor of 74 and 404743?
37
Calculate the highest common factor of 9450 and 450.
450
What is the highest common divisor of 5538 and 15951?
39
Calculate the highest common factor of 391 and 157777.
17
Calculate the highest common factor of 57523 and 2196.
61
What is the highest common divisor of 430 and 265138?
86
What is the greatest common factor of 765 and 1335?
15
Calculate the highest common divisor of 531329 and 3281.
193
Calculate the highest common divisor of 6347 and 253.
11
What is the greatest common divisor of 642 and 1956?
6
Calculate the greatest common factor of 2016 and 966.
42
Calculate the greatest common divisor of 10068016 and 224.
112
What is the greatest common divisor of 7618841 and 4418?
2209
Calculate the highest common divisor of 1043 and 581.
7
What is the highest common divisor of 85689 and 72?
9
Calculate the greatest common factor of 57645 and 8883.
189
Calculate the highest common factor of 4797 and 5207.
41
Calculate the highest common factor of 500 and 123925.
25
What is the greatest common factor of 40 and 19576?
8
Calculate the highest common divisor of 78 and 1182675.
39
What is the greatest common factor of 146475 and 25?
25
What is the highest common factor of 20 and 87865?
5
What is the greatest common divisor of 51 and 11577?
51
Calculate the greatest common factor of 1172 and 14834004.
1172
Calculate the greatest common factor of 6601 and 16261.
161
What is the greatest common divisor of 564 and 2491?
47
Calculate the highest common factor of 52962 and 3150.
42
What is the greatest common divisor of 318 and 44466?
6
Calculate the greatest common factor of 160 and 1120.
160
What is the highest common divisor of 1421 and 4361?
49
What is the greatest common factor of 304 and 3456?
16
What is the highest common factor of 213864 and 392?
56
Calculate the greatest common divisor of 1928 and 8194.
482
Calculate the greatest common factor of 201 and 619147.
67
What is the highest common divisor of 2825 and 6125?
25
What is the highest common factor of 3798 and 8018?
422
What is the highest common factor of 3726 and 18522?
54
What is the highest common divisor of 7991 and 1572?
131
What is the greatest common factor of 632 and 1532?
4
What is the greatest common factor of 363166 and 779?
19
Calculate the greatest common divisor of 14761 and 129286.
509
What is the greatest common factor of 31951 and 178?
89
Calculate the greatest common factor of 28 and 22888.
4
Calculate the highest common factor of 275 and 216359.
11
Calculate the greatest common factor of 13 and 1563211.
13
Calculate the highest common factor of 135 and 2367.
9
Calculate the greatest common divisor of 6399 and 3239.
79
Calculate the highest common factor of 36803 and 21983.
247
Calculate the highest common factor of 254075 and 5.
5
What is the highest common divisor of 6036650 and 4710?
1570
Calculate the greatest common factor of 47916 and 1980.
396
Calculate the highest common divisor of 14700 and 39396.
588
What is the greatest common factor of 108303 and 117?
39
Calculate the highest common divisor of 2163 and 546.
21
What is the greatest common factor of 42 and 837?
3
Calculate the greatest common divisor of 84 and 5068.
28
Calculate the highest common divisor of 1624 and 1288.
56
Calculate the greatest common divisor of 1648 and 156.
4
Calculate the highest common divisor of 6216 and 600.
24
What is the greatest common factor of 7 and 2081?
1
Calculate the highest common divisor of 484 and 19349.
11
Calculate the highest common divisor of 263488 and 13604.
716
What is the highest common factor of 116 and 27956?
116
What is the greatest common divisor of 8512290 and 9?
9
What is the greatest common divisor of 9013011 and 19?
19
Calculate the highest common divisor of 3100 and 125.
25
Calculate the greatest common factor of 1365 and 113685.
195
What is the greatest common factor of 650 and 6578?
26
What is the highest common factor of 33928 and 456?
8
What is the highest common divisor of 1936 and 1793462?
242
What is the highest common divisor of 698499 and 9?
9
What is the highest common divisor of 11100 and 27084?
444
Calculate the greatest common factor of 135 and 2826765.
135
What is the highest common factor of 102952 and 238?
34
Calculate the greatest common divisor of 256 and 2084.
4
What is the greatest common divisor of 765856 and 1315?
263
Calculate the greatest common factor of 3 and 47546.
1
Calculate the greatest common divisor of 3200 and 1408.
128
What is the highest common divisor of 31166 and 2?
2
What is the highest common factor of 5571 and 4394281?
619
What is the highest common factor of 9 and 7569?
9
What is the highest common factor of 30 and 7570?
10
Calculate the highest common factor of 1190 and 1076474.
238
Calculate the greatest common factor of 36693 and 189.
27
Calculate the greatest common divisor of 5 and 276570.
5
What is the highest common factor of 4179 and 357?
21
Calculate the greatest common divisor of 2330407 and 19.
19
Calculate the greatest common divisor of 54 and 338985.
27
Calculate the highest common divisor of 592 and 26418.
74
What is the highest common divisor of 560 and 25780?
20
Calculate the greatest common factor of 54247 and 119.
17
What is the greatest common divisor of 83280 and 96?
48
What is the highest common factor of 525 and 2993700?
75
Calculate the greatest common divisor of 2754 and 782442.
306
What is the greatest common divisor of 14746 and 14948?
202
Calculate the greatest common divisor of 4715 and 343735.
115
Calculate the highest common factor of 665378 and 28.
14
What is the highest common factor of 142 and 692534?
142
What is the greatest common factor of 18 and 34192?
2
What is the greatest common factor of 849 and 39?
3
What is the highest common divisor of 78039 and 276?
69
What is the highest common divisor of 1719100 and 100?
100
What is the greatest common divisor of 1483328 and 5488?
784
Calculate the highest common divisor of 1824 and 224.
32
Calculate the highest common factor of 44 and 40634.
22
What is the greatest common divisor of 70357 and 1197?
133
Calculate the greatest common factor of 1618 and 586525.
809
What is the greatest common factor of 247 and 11647?
19
Calculate the greatest common factor of 553 and 239765.
79
What is the highest common factor of 3184 and 1408?
16
Calculate the highest common factor of 19844 and 116932.
164
Calculate the highest common factor of 1192 and 21904.
8
Calculate the highest common factor of 2064 and 101556.
12
Calculate the highest common factor of 486 and 696708.
54
What is the greatest common factor of 2340 and 2280?
60
What is the highest common divisor of 63350 and 63?
7
Calculate the highest common divisor of 1412 and 8957728.
1412
Calculate the greatest common factor of 300 and 343410.
30
What is the greatest common divisor of 4686 and 1254?
66
What is the greatest common factor of 158213 and 1672?
209
What is the greatest common divisor of 1969 and 537?
179
Calculate the greatest common factor of 6 and 1107870.
6
What is the highest common factor of 116 and 15341?
29
What is the greatest common factor of 1464 and 17848356?
732
Calculate the highest common divisor of 1498 and 2732566.
214
What is the greatest common divisor of 1649132 and 596